-2*d + 230 = 8*d. Calculate the remainder when b(d) is divided by 21.
19
Suppose -3321 - 3440 = -235*p - 181. Calculate the remainder when 51 is divided by p.
23
Suppose 2*q = 5*q. Suppose 0 = -0*t + 2*t, q = 5*d + t + 15. What is the remainder when 80 is divided by 7*(2 + d/(-3))?
17
Suppose -1487 = -46*q + 2377. Suppose 5*y = -d + 58, -y - 5*d - 46 = -4*y. Calculate the remainder when (-1)/(((-64)/q)/16) is divided by y.
9
Let x = -1195 - -1281. Calculate the remainder when 207 is divided by x.
35
Let b be (-12)/(-8)*(3 - 1). Suppose -70 = -8*u + b*u. What is the remainder when 237 is divided by u?
13
Let k = 226 + -218. Calculate the remainder when 35 is divided by 8/(-14) + (-55)/(-35)*k.
11
Suppose 4*q + c = 569, 2*q - 279 = -0*q + 5*c. Suppose 5*a - 3*y + 7 = 146, -4*a + 112 = -2*y. Calculate the remainder when q is divided by a.
26
Suppose -61*t + 58618 = -16*t + 34*t. What is the remainder when t is divided by 175?
42
Suppose -4*p + 33 = 3*v + 1, 2*v - 3 = p. Suppose -4*c - 67*i + 417 = -70*i, 4*i = -3*c + 344. Calculate the remainder when c is divided by p.
3
Suppose -o = -0*o. Suppose -6*n + o*n = -510. Suppose 0*v - n = -5*v. What is the remainder when 32 is divided by v?
15
Suppose x = 1 - 15. Let u be (7/x)/(1/2). What is the remainder when (1/1)/u - -98 is divided by 25?
22
Suppose 2*w - 14*w = -3766 - 1730. Calculate the remainder when w is divided by 458.
0
Suppose -3*d + 37*p - 32*p = -472, -2*d + 5*p + 323 = 0. What is the remainder when 442 is divided by d?
144
Let w(a) = -7*a**3 + 2*a**2 - 2. Let y = -2977 - -3066. What is the remainder when y is divided by w(-1)?
5
Let w = -383 + 384. Let h(t) = 23*t**3 + t**2 - 2*t. What is the remainder when 85 is divided by h(w)?
19
Suppose 45*d - 30966 = -4*f + 43*d, -4*d - 12 = 0. What is the remainder when f is divided by 22?
21
Let p(z) = 0*z**3 + 9*z**2 + 154 - 2*z**3 - 156 - 3*z. Suppose -3*w = -r - 31, -39 = -4*w - r + 7. What is the remainder when w is divided by p(4)?
1
What is the remainder when 78 is divided by 4/((-2600)/376 - -7)?
31
Let o(c) = -4*c + 121. Let a(p) = p**3 - 4*p + 7. Let r be a(2). Calculate the remainder when o(r) is divided by 56.
37
Suppose -557*j - 14689 = -561*j - 5*b, -2*j + 2*b = -7358. What is the remainder when j is divided by 13?
10
Suppose -5*u - 1569 = -2*m, 0 = 4*m - 0*m + u - 3105. Calculate the remainder when m is divided by 336.
105
Let f = -89664 + 89978. Calculate the remainder when f is divided by (2/(-4))/((-1)/30).
14
Let c(s) = 1040*s - 2933. Calculate the remainder when c(3) is divided by 31.
1
Suppose 4*q + 5*o - 69 = 0, 0 = -q - 0*o + 5*o - 14. Suppose -q*v + 31 = -10*v. Calculate the remainder when v is divided by 20.
11
Let z = -46 + 69. Let b = 636 - 660. Calculate the remainder when z is divided by (54/72)/((-2)/b).
5
Let x be (21 - 15)/((-9)/(-12)). Suppose 0 = x*h - 10*h - 10, -4*h - 90 = -q. Calculate the remainder when q is divided by (-1*1)/((-1)/19).
13
Let q = -21358 - -22389. Calculate the remainder when q is divided by 113.
14
Let v(n) = 4*n**2 + 679*n**3 + 3*n - 2*n - 2*n**2 - 2. Let k be v(1). Suppose -2*x - k = -10*x. Calculate the remainder when x is divided by 22.
19
Let y be (2 - (-28)/16)/(7/28). Suppose -z + y*z = 84. Calculate the remainder when 19 is divided by z.
1
Let s = 16259 - 16245. Calculate the remainder when 16 is divided by s.
2
Suppose 0 = 3*a + 4*b - 492, -3*a + 366 + 123 = 5*b. Calculate the remainder when 297 is divided by a.
129
Let l(o) = 91*o + 10. Let p be l(-1). Let b = p - -91. What is the remainder when 14 is divided by b?
4
Suppose 118 = 2*o - 2*l, 3*o - 3*l - 181 = 2*l. Calculate the remainder when -182 + 564 + (5 - 49) is divided by o.
53
Suppose -728*k + 723*k - 45 = 0. Let w(f) = 10*f**2 - 2*f + 1. Calculate the remainder when (-3)/k + -1 + 546/9 is divided by w(1).
6
Let h(w) = 9 - 21*w + 36*w - 17*w. Let k be h(3). Suppose 2*y - 168 = -k*z, -3*z - 112 = -5*z + y. Calculate the remainder when 164 is divided by z.
52
Let p(j) = 6*j**2 - 2. Let q be p(-1). Suppose 3*m + 3*s = 42, 3*s + 15 + 6 = q*m. Calculate the remainder when 35 is divided by m.
8
Let s(y) = -y**2 - 2*y + 32. Suppose -7*x + 5*x = -2*r + 18, 0 = -5*r + 10. Let c be -2 + x + 12/4. Calculate the remainder when 36 is divided by s(c).
4
Suppose 3*o - 2*k = 821, -2*k + 751 = 3*o - 78. Suppose 6*m = m + o. Let c = 72 - m. Calculate the remainder when 66 is divided by c.
15
Suppose -104 = -24*h + 21304. Suppose -h*r - 16 = -900*r. Suppose 0 = 4*s - u - 29, -4*u = -5*s + s + 32. What is the remainder when s is divided by r?
1
Suppose -12 = 3*o, 4*k - 460 = -3*o + 4*o. Suppose -5*a + 3 = -17, -3*f + a = 154. Calculate the remainder when k is divided by f/(-2) + (-6 - -5).
18
Let z(a) = a**3 - 19*a**2 + 87*a + 55. What is the remainder when z(10) is divided by 10?
5
Let n = -602 - -1629. Suppose 0 = -3*g + 9, -5*o + 3*g + n = -839. Suppose o = -11*z + 16*z. What is the remainder when z is divided by 40?
35
Let v(l) = -l**3 + 9*l**2 - 2*l + 8. Let k be v(9). Let j = k - -20. Suppose 10 = b + b, -4*o = -5*b - 35. Calculate the remainder when o is divided by j.
5
Let v = 46 + 2. Calculate the remainder when 282*306/648 + 28/(-24) + 1 is divided by v.
37
Let t = -538 - -691. Suppose -149*a + t*a - 356 = 0. What is the remainder when a is divided by 15?
14
Suppose 4*m = 2*z - 386, -31*z + m = -32*z + 205. What is the remainder when 20300 is divided by z?
200
Let p(n) = 304*n - 8205. Suppose -97 = -c - 26. Calculate the remainder when c is divided by p(27).
2
Let o = -1797 - -1875. Calculate the remainder when o is divided by (-1 - -2)/((-4)/(-108)).
24
Suppose -1401 = -45*w + 489. What is the remainder when 166 is divided by w?
40
Suppose 3*i - 95088 = 2*c, 11*i - 6*i + 2*c = 158512. What is the remainder when i is divided by 131?
129
Suppose -5*p + 5*x = 1855, 4*x = -23*p + 21*p - 712. Let y = p + 580. Calculate the remainder when y is divided by 9.
7
Suppose 3*j - 42 = -4*t, -63 = -5*j + 3*t + 36. Calculate the remainder when j is divided by (-248)/(-28) - (-120)/(-42).
0
Suppose r + 2*u = 366, -3*r + 4*r + u = 363. Calculate the remainder when 1143 is divided by r.
63
Suppose d - 5*m = -6 - 2, 0 = -2*d - m + 39. Let r(y) = 15 - 45*y**2 + 89*y**2 - 43*y**2 - d*y. What is the remainder when r(18) is divided by 12?
9
Suppose 3*l + 2*o - 2554 = 0, -9*l + 14*l + 2*o = 4250. Suppose 3*g - 2*g - 17 = 0. What is the remainder when l/28 - 2/49*7 is divided by g?
13
Let v(m) = -m**2 - 15. Let p be v(-12). Let o = -66 - p. What is the remainder when o is divided by 24?
21
Suppose 34 = 3*z - 32. Let u be -4 - -10*1 - 0. Suppose 0 = 4*a - 3*a - u. Calculate the remainder when z is divided by a.
4
Suppose 2*c - 5*g - 20 = -18, 2*c = 2*g + 14. Suppose -1 = 4*h + 3, h - 275 = -3*l. Calculate the remainder when l is divided by c.
4
Let y = 2412 + -2401. What is the remainder when 757 is divided by y?
9
Let g = 1 - -2. Let p(z) = z + 49. Let a be p(-42). Suppose a*b + 36 - 57 = 0. What is the remainder when g is divided by b?
0
Suppose 106*y + 1179 = 8493. What is the remainder when 240 is divided by y?
33
Let d(k) = 36*k + 986. Calculate the remainder when 101 is divided by d(-25).
15
Suppose 5*g = -4*f + 116, -4*g + 40 = f - 0*f. Let z = 4455 + -4419. Calculate the remainder when z is divided by f.
12
Suppose -25 = -20*o + 15*o. Suppose -9 = -7*u + o. Calculate the remainder when 9/((7 - 6)/(u + 1)) is divided by 10.
7
Suppose 16 = 2*f - 0*f. Let s be -1 - -3 - 6500/(-26). Let u = 270 - s. Calculate the remainder when u is divided by f.
2
Suppose 955 = 2*z - 5*r, 0*r - 509 = -z - 2*r. Calculate the remainder when 2485 is divided by z.
10
Let w(d) = d**3 - 7*d**2 + 6*d - 6. Let q be w(6). Suppose -89 - 1 = -5*y. What is the remainder when (-7)/(-21) + ((-736)/q - 0) is divided by y?
15
Suppose t + o - 19 = 8, -t = -2*o - 15. What is the remainder when t is divided by 2*(-1 - -10 - -14*9/(-21))?
5
Let q = -85 + -234. Let u = -289 - q. Calculate the remainder when u is divided by 10.
0
Suppose -4*c + 2*o = -22, 2*o = c - 2*o - 9. Suppose c*m - 415 = -9*q + 4*q, q - 2*m = 80. What is the remainder when 573 is divided by q?
81
Let s(x) = -x**3 - 22*x**2 + 24*x + 21. Let n be s(-23). Let c(m) = -9*m - 12. What is the remainder when 17 is divided b